3 + 1 + 4 + 0. List the prime factors of w(6).
2, 13
Let h(q) be the third derivative of -q**4/24 - q**2. Let s be h(4). List the prime factors of 2/4 + (-46)/s.
2, 3
List the prime factors of 190/3*12/10.
2, 19
Let t(y) = -y**3 - 8*y**2 - 5*y + 6. Let z be t(-7). Let n = z + 13. Suppose g + n = 5*q, -3*g = 3*q - 9 - 12. What are the prime factors of g?
5
Let u = 3 - 2. Let x be ((-14)/(-4) + -2)*-2. List the prime factors of x*1*(u - 2).
3
Let i = 6 - 9. List the prime factors of (-35)/i + (-10)/15.
11
Suppose -4*s - 18 - 22 = 0. Let v(n) = n**2 + 10*n + 10. List the prime factors of v(s).
2, 5
Suppose -5*g - 31 = v - 6, -3*v + 4*g = -20. Suppose 2*b - 4*m - 10 = v, m - 3 + 2 = 0. List the prime factors of b.
7
Let g(b) = -b**2 + 6*b + 2. Let q be g(6). List the prime factors of (-63)/(-3) + (q - 3).
2, 5
Let h(r) be the first derivative of -r**2 - 2*r + 5*r - 2*r - 3. What are the prime factors of h(-1)?
3
Let s = 73 - -208. What are the prime factors of s?
281
Suppose 4*v = 2*w + 22, 2*w - 15 = 5*w. List the prime factors of (v - 4)*(2 + -6).
2
Suppose k + q = 102, -k + 2*q - 301 = -4*k. What are the prime factors of k?
97
Let v(q) = -q**3 - 2*q**2 + 5*q - 1. What are the prime factors of v(-5)?
7
Let p = 11 + -1. List the prime factors of p.
2, 5
Suppose 5*m + 3*y - 33 = 0, 3*y - 2 = 5*m - 59. Let i = m - 12. Let a(v) = -v. What are the prime factors of a(i)?
3
Let t(o) = o**3 + o**2 + o + 14. Suppose 4*h = 2*h. List the prime factors of t(h).
2, 7
Suppose 4*b - 106 = -10. What are the prime factors of b?
2, 3
Let y(g) = -g. Let s(f) be the third derivative of f**4/12 + f**3 + f**2. Let o(p) = -s(p) - 4*y(p). List the prime factors of o(6).
2, 3
Let k be 63/(-12) - 3/(-12). Let z(q) be the second derivative of q**4/12 + 2*q**3/3 - q**2/2 - q. List the prime factors of z(k).
2
Suppose 0 = g + 5, 4*o - g - 8 = 13. Let x = 0 + 9. Suppose 3*p + x = o*p. List the prime factors of p.
3
Let a(q) = 8*q - 1. Let l be a(2). Suppose 3*x - 2*v + 9 = -5, -8 = x + v. Let m = x + l. What are the prime factors of m?
3
Let x(m) = 34*m**3 + 3*m**2 - m. List the prime factors of x(2).
2, 3, 47
Suppose 91 = 5*b + 3*m - 4, -4*b + 79 = 3*m. Let t = b - 7. List the prime factors of t.
3
Let q(d) be the second derivative of -d**5/20 - d**4/3 - d**3 + 3*d. What are the prime factors of q(-4)?
2, 3
Let h(x) = -x**2 + 2*x + 3. Let f(n) = -2*n**2 + 4*n + 7. Let b(o) = -3*f(o) + 5*h(o). What are the prime factors of b(5)?
3
Let b(o) = o**3 + 6*o**2 + 4*o - 1. Let c be b(-5). Let j = c + -4. Let x = j + 8. List the prime factors of x.
2
Let f = -76 - -258. List the prime factors of f.
2, 7, 13
Let r(s) = s**3 - 4*s**2 - 5*s + 7. Let u be r(5). Let t = 7 + 6. Let m = t - u. List the prime factors of m.
2, 3
Suppose -5*u = -3*i + i - 176, -66 = -2*u + 3*i. What are the prime factors of u?
2, 3
Let b = 2 - -2. Suppose 14 = i + 3*u - 6, -4*i = b*u - 96. Let o = i - 15. What are the prime factors of o?
11
Let d(j) = 8*j**3 + 3*j**2 + 4*j + 9. Let z(g) = -g + 2*g**2 + 7*g**3 + 4*g + 0*g**2 + g**2 + 8. Let v(q) = -6*d(q) + 7*z(q). List the prime factors of v(-3).
11
Suppose -2*t - 3*j + 6 = -0, -t = -3*j - 3. Suppose t*n + 3*p - 21 = 0, 0*n - 2*p + 26 = 5*n. List the prime factors of n.
2
Let t(q) = 0*q**2 - 4*q**3 + 2 + q - 3*q**2 + q**2. Let w be t(-2). Suppose 5*y - 8 = u - 2*u, -3*u - 4*y + w = 0. List the prime factors of u.
2
Let u(v) = 2*v**2 - 4*v - 2. Suppose 4*s - 13 = -5*i, -19 + 5 = -2*s - 4*i. What are the prime factors of u(s)?
2, 7
Let d = -238 - -339. Let c = d + -55. List the prime factors of c.
2, 23
Let i be ((-2)/6)/((-1)/12). Suppose 2*x = -2*g + 10 - i, -5*g = 3*x - 7. Suppose 3*q = k + 2*k + 18, -x*q = -k - 24. What are the prime factors of q?
2, 3
Let t = -17 + 12. Let y = 3 + t. List the prime factors of 2*y/4*-2.
2
Let q(p) = 2*p + 20. Let x be q(-9). Suppose x + 10 = 3*r. List the prime factors of r.
2
Let x = 276 - 146. What are the prime factors of x?
2, 5, 13
Let b be (-9)/45 - (-9)/(-5). What are the prime factors of 1 - 2 - 26/b?
2, 3
Let q be (-23)/7 + (-2)/(-7). Let a = 0 - q. Suppose 5*d - 5 = 5*r - 15, -2*d = -a*r + 8. List the prime factors of d.
2
Let a(q) = q + 8. Let y be a(-6). Suppose -4 = y*s, -2*s - 4 - 14 = m. What are the prime factors of (m/(-21))/(1/18)?
2, 3
Let q(s) = 2*s**3 - 3*s**2 + 3*s + 12. List the prime factors of q(5).
2, 101
Let b(w) = w**2 + 9*w - 7. Let y be b(-10). Let m(o) = o**3 - 2*o**2 - 2*o + 1. Let z be m(y). Suppose -z*v + 55 = 3. What are the prime factors of v?
13
Suppose 2*q + 180 = 5*d - d, 0 = 4*q. Suppose 4*x + d = -x. What are the prime factors of -6*((-3)/x + -1)?
2
Let k(s) = 4*s + 2. Let g = -7 - -10. What are the prime factors of k(g)?
2, 7
List the prime factors of 4 + (5 - -1) + 3.
13
Let t(n) = n**3 + 6*n**2 + 3*n + 3. Let m = 4 + -9. List the prime factors of t(m).
13
Let b(d) = d**2 - 3*d + 34. Let x be b(0). Suppose 0*s + x = s. What are the prime factors of s?
2, 17
What are the prime factors of (-1564)/(-30) - (-16)/(-120)?
2, 13
Let t = 5 + -7. Let m be ((-1)/2)/(t/28). Suppose -10 = -n + m. What are the prime factors of n?
17
Let l(c) = -7*c + c**2 - 3 - 5 - 1 + 1. List the prime factors of l(9).
2, 5
Suppose 1 = -g - 14. Let z be (57/4)/(g/(-40)). Suppose -3*s = 3*v - 39, 3*v - s - z = -3*s. List the prime factors of v.
2, 3
Suppose 2*q - 8 = 2*z, 4 = -3*z + 4*q - 10. Let n be (-4)/z - (-32)/2. Suppose -5*i + n = -47. What are the prime factors of i?
13
Let w be 1*3/1 - -1. Let p = -6 + w. What are the prime factors of (2/(-2))/(p/6)?
3
Suppose 0 = -5*z, 4*c = 3*z - 5 + 17. Let m = -1 + 1. Suppose c*i = -3*b - m*b + 3, 0 = -5*b + i + 23. What are the prime factors of b?
2
Suppose 3*v + 196 = -5*s - 3, -s = 5*v + 339. Let l = 99 + v. What are the prime factors of l?
31
Let h(m) = 31*m + 2. Let y be h(2). Suppose 3*g - 8*g + 80 = -5*j, -4*g = 2*j - y. List the prime factors of g.
2
Let d(c) = -c**3 + 7*c**2 - 6*c - 2. Let o be d(6). Let v = o + 2. Suppose -3*l - 2*p + 4 + 0 = v, -4*l + 2*p = -24. What are the prime factors of l?
2
Let k(l) = -l**3 + 8*l**2 - 5*l - 6. Let x be k(5). Suppose 2*h + x = 6*h. List the prime factors of h.
11
Suppose -183 = -5*v - 4*s, -3*v + 3*s + 77 = -22. What are the prime factors of v?
5, 7
Suppose -5*b + b + 2*k + 10 = 0, -2 = -2*k. Let m be 1*(-1)/b*-3. List the prime factors of (4 - 0/(-2))*m.
2
Let k(g) = -g - 2. Let y be k(-7). Let p(z) = 2*z + 4. What are the prime factors of p(y)?
2, 7
Suppose -21*v + 20*v = -31. What are the prime factors of v?
31
Let a(k) = -5*k - 5. Let i be a(-5). Suppose -5*l = 3*l + 8. Let q = i + l. List the prime factors of q.
19
Let d(w) = -w - 7. Let h(r) = -4. Let v(p) = -3*d(p) + 5*h(p). Let x be v(1). Suppose u + 3*u = -3*y + 37, 0 = 5*u + x*y - 46. List the prime factors of u.
2, 5
Let d(m) = -3*m - 1. Let o be d(-2). Suppose -i - 31 = -2*r, -i + 2 = -o*r + 84. List the prime factors of r.
17
Let m(u) = -u**3 + 2*u**2 + 3*u + 1. Let s be m(-2). Suppose -65 + s = -k. Let z = k + -34. What are the prime factors of z?
2, 5
Let d(i) = -i**2 - 4*i. Let t be d(-2). Suppose -5*l = -4*w - 10 - t, -3*l = -w - 14. What are the prime factors of l?
2, 3
Suppose -c + 3*p + 4 = -2*c, 11 = 4*c + 3*p. Let w = c + -1. Suppose -w = -2*d - 0. List the prime factors of d.
2
Let p(i) = -i**2 - 9*i - 5. Let f be p(-6). Let r = f + -8. Suppose g = -3*a + 2*a + 5, r*g = 4*a + 52. List the prime factors of g.
2
Let v be 40/(-14)*(-28)/8. List the prime factors of -1 + 4 - (-3 - v).
2
Let x = -1 - 1. Let a be 0/(-2) - 1 - x. Suppose -3*g + a + 5 = 0. What are the prime factors of g?
2
Let q(u) = u**2 - 2*u - 81. List the prime factors of q(-10).
3, 13
Let d be 3/((-6)/8*-2). Suppose -d*s + 41 = -5*f, 2*s + 0*f = 4*f + 40. Suppose -2*w = -5*w + s. What are the prime factors of w?
2, 3
Let c(r) = r**3 - 5*r**2 + 3*r + 3. Let s be c(3). What are the prime factors of s/((-9)/(-3)) + 10?
2
Let j = 117 + -81. Suppose -18 - j = -3*m. Let i = m - 9. What are the prime factors of i?
3
Suppose 0 = n + 2. Let c = n - -7. What are the prime factors of c?
5
Suppose -d - 40 = -5*d. Let r = d - 3. List the prime factors of r.
7
Let p(t) = -t**3 - 12*t**2 - 26*t + 18. What are the prime factors of p(-12)?
2, 3, 5, 11
Let q(s) be the first derivative of -s*